uppose 1081 + 1763 = -6*r. Let n = -330 - r. Suppose 0 = 4*z - z - 54. What is the highest common factor of z and n?
18
Let c = 833 + -752. Calculate the greatest common divisor of 297 and c.
27
Suppose -z + 0 = -30. Suppose -3*t = 1274 + 313. Let j be t/(-7) + (-4)/7. Calculate the highest common factor of z and j.
15
Let p be -2 + (-4 + 7)/(-3). Let n be (0/(2 + -1))/p. Suppose -m - 36 = -3*m - g, n = -5*g + 10. Calculate the highest common divisor of m and 68.
17
Suppose -3*c + 4*f + 1384 = 0, c + 9*f = 6*f + 470. What is the greatest common divisor of c and 58?
58
Let q be (-10)/(-15)*-3*-16. Suppose -15 = -0*o + o. Let r = -11 - o. What is the highest common divisor of r and q?
4
Suppose 447 = w + 444. Calculate the highest common factor of 33 and w.
3
Let y(b) = 32*b**2 - 64*b - 10. Let x be y(4). Calculate the highest common factor of 41 and x.
41
Suppose -320 = -n - 110. Calculate the greatest common divisor of 360 and n.
30
Let o(i) = 6*i - 92. Let d be o(20). Suppose -3*t - 247 = 1076. Let z = -301 - t. What is the highest common factor of z and d?
28
Let r = 487 + -464. What is the greatest common factor of r and 1219?
23
Suppose 2*q - 56 = -2*v, 5*q - 4*v - 112 = q. Let i be (31 - 47) + -6 + 1. Let z = q + i. What is the greatest common divisor of 49 and z?
7
Let w(g) = 3*g**2 - 3*g - 6. Let q be w(-3). Suppose -4*l - 33 = -4*m + l, -3*l = m - 4. Suppose 4*v = 41 + m. What is the greatest common factor of v and q?
6
Let q = -1 + 7. Suppose -8*g = 2*m - 7*g - 6, -5*g = 4*m - 6. Calculate the highest common divisor of m and q.
2
Let k = -2 + 24. Suppose 3*o - 351 = -21. What is the greatest common factor of o and k?
22
Suppose -3*l = -l - 250. Let g = l - 65. Let z = 12 - -12. Calculate the highest common factor of z and g.
12
Suppose 5*c - 2*i - 134 = -6, 0 = -3*c + 5*i + 92. What is the greatest common divisor of 192 and c?
24
Let o be 9*(-94)/(-141)*(-2)/(-4). What is the highest common factor of o and 513?
3
Let s be ((-1024)/(-96))/((-6)/(-99)). Calculate the highest common divisor of s and 32.
16
Suppose 5*j - 80 = -30. Suppose -4*x + j = 2. Suppose -4*a + w = -43, -3*w = 7 + x. Calculate the highest common factor of 110 and a.
10
Let v(l) = -l**3 - 22*l**2 - 20*l + 47. Let r = 128 + -149. Let s be v(r). Calculate the greatest common factor of s and 39.
13
Let o be 237/9 - (2 + (-8)/3). Calculate the highest common factor of o and 33.
3
Let k = -8 - -13. Let a = -262 - -277. Calculate the greatest common factor of a and k.
5
Let k be 1067911/426 + ((-15)/18 - -1). Calculate the greatest common divisor of k and 23.
23
Suppose 53 - 47 = 3*p. Suppose -d = 10*n - 11*n - 25, 76 = 4*d + p*n. Calculate the greatest common factor of d and 35.
7
Let u(l) be the first derivative of l**4/2 + 2*l**3/3 - 3. Let i be u(3). Suppose 8*o - i = 4*o. Calculate the greatest common factor of o and 198.
18
Suppose 0 = 35*f + 110 - 180. Let b = 16 - 11. What is the greatest common divisor of f and b?
1
Let o be -2 + 62*(2 - 1). Let a be 15/120*40 - (-2)/2. Calculate the highest common factor of a and o.
6
Suppose 4*n = -5*g + 12, -2*g = -4*n + 3*g + 12. Suppose n*a + 65 = 5*i + a, 5*a = -4*i + 85. Calculate the highest common factor of i and 30.
15
Let b(j) = -j**3 + 12*j**2 - 13*j - 12. Let k be b(6). Let o = 139 - k. What is the highest common factor of 26 and o?
13
Suppose 6*p - 246 = 3*p. Let d = p + 16. What is the greatest common factor of 14 and d?
14
Let s = -41 + 169. Calculate the highest common factor of s and 4.
4
Suppose -4*a + 2*i + 88 = 0, -5*a + 110 = 2*i - i. Suppose -65 = 21*l - 24*l + r, 49 = 2*l + 5*r. What is the greatest common divisor of a and l?
22
Let t(u) = -115*u**3 + u**2 - 19*u - 19. Let b be t(-1). What is the highest common factor of 232 and b?
116
Suppose 0 = -2*p + v + 243, -600 = -5*p - 0*p + v. Calculate the greatest common divisor of p and 68.
17
Let j(s) = 2*s**3 - 10*s**2 + 4*s + 68. Let m be j(11). What is the highest common factor of m and 136?
68
Suppose 2*m + 3*m - d = 15, -2*m = -d - 9. Let q(x) = 3*x - 6. Let g be q(4). Let l be 6 + -6*4/g. What is the greatest common factor of l and m?
2
Let o(j) = -j**2 - 33*j + 73. Let b be o(-13). What is the greatest common divisor of 259 and b?
37
Suppose 2 = 5*q - 63. Let j be 4/(-18) - (-47)/9. Let u = j + 112. Calculate the highest common divisor of u and q.
13
Let i(d) = -3*d. Let p be -2 - 9 - (1 - 4). Let c be i(p). Let s be 8/c - 46/(-6). Calculate the greatest common divisor of s and 1.
1
Let y(n) = -8*n**3 - 5*n + 6*n + 2*n**2 - 3 + 1. Let k be y(-2). Let v be 5/10*k/2. What is the highest common factor of v and 136?
17
Let l be ((-4)/(-10))/((-4)/(-40)). Suppose -l*j - 212 = -548. Suppose -15*k - 12 + 327 = 0. What is the greatest common factor of k and j?
21
Let y = -29 + 41. Suppose 14 = 5*r - 61. Suppose 4*v = r + 1. What is the greatest common divisor of v and y?
4
Let w = 216 + -214. What is the greatest common factor of w and 16?
2
Let s = 0 - -44. Let f(v) = -v + 9. Let w be f(5). What is the greatest common factor of w and s?
4
Let h = 691 - 672. What is the greatest common factor of h and 1387?
19
Let z = -6 - -8. Suppose 2*w - 16 - z = -v, -w = 5. Calculate the highest common divisor of v and 28.
28
Let q = 19 + 5. Suppose 0 = -11*p + 7*p + 48. Calculate the greatest common divisor of p and q.
12
Let b = -12 + 30. Let i be (-1 - 0)/((-17)/51). Suppose i*h = -h + k + 26, 10 = h - 2*k. What is the highest common factor of h and b?
6
Let u(f) = -f**3 + 29*f**2 + 38*f + 13. Let q be u(30). Calculate the greatest common factor of 23 and q.
23
Let z be (-2 - -17)/(4/8). Suppose z = -3*d + 96. Suppose 3*t - 5 - d = 0. What is the highest common divisor of t and 72?
9
Suppose 0 = -4*i - s + 288, i - s - 216 = -2*i. Let j = 57 - -12. Let r be (0 - -24)*j/92. What is the greatest common divisor of r and i?
18
Suppose 0 = -9*u + 246 - 3. Calculate the greatest common divisor of 189 and u.
27
Suppose y = 8*y - 203. Calculate the greatest common factor of 667 and y.
29
Let z = -1294 + 1476. Calculate the highest common factor of z and 104.
26
Let j be 3/((-6)/(-4)) - -2. Let y(w) = 16*w**3 - w**2 + 2*w - 1. Let q be (-2 + -2)*(-5)/20. Let b be y(q). What is the greatest common factor of j and b?
4
Let h = -140 - -137. Let u be (-165)/h*(15 + -8). What is the greatest common factor of u and 55?
55
Suppose 3*p + 266 = 104. Let a = 72 + p. Calculate the highest common factor of a and 27.
9
Let y = 64 + -222. Let o = -138 - y. What is the greatest common divisor of o and 16?
4
Let z(s) = 57*s + 29. Let i be z(1). Calculate the greatest common factor of i and 559.
43
Suppose -91*n + 180 = -88*n. Suppose -2*f = 2*f - n. What is the highest common divisor of f and 165?
15
Let j(q) = q**3 + 14*q**2 - q - 17. Let y be j(-14). Let z be (2/y)/(2/(-6)). Let h be (z - 1)*(-6 - -10). What is the greatest common divisor of h and 44?
4
Suppose 3*s = -n + 67, 3*s + 3*n - 47 = -2*n. Let u be 2/(-6)*63/(-7). Calculate the greatest common divisor of s and u.
3
Let s = 426 + -412. What is the highest common divisor of s and 154?
14
Suppose -9*h = -4*h. Suppose -4*z + 2 + 10 = h. Suppose 0 = -z*q + 23 + 121. Calculate the greatest common divisor of q and 16.
16
Let n be (-82)/(-16) - 5/40. Let u be 15/n + 7*5. Let d be (u - 2)/(5/30). What is the highest common factor of 24 and d?
24
Let o = 35 + -39. Let c be (-4 + 28)*(-2)/o. Calculate the greatest common factor of 3 and c.
3
Let w(g) = -4*g - 66. Let d be w(-30). What is the highest common divisor of d and 63?
9
Let h(v) = -4*v**2 - 2*v. Let w be h(3). Let o = w + 60. Let f = 83 + -38. What is the greatest common factor of f and o?
9
Suppose i - 7 = 5*u, 5*i + 0*i + 2*u = -73. Let x(s) = s**3 + 12*s**2 - 15*s - 2. Let l be x(i). What is the greatest common factor of l and 12?
12
Suppose k + 2*r = 14, -k + 3*r - 7 = -6. What is the highest common factor of k and 40?
8
Suppose 10*m - 398 = -128. What is the greatest common divisor of m and 1161?
27
Let l(y) = 2*y - 22. Let b be l(11). Let t be 5/(10/24) + (3 - b). Calculate the greatest common divisor of 270 and t.
15
Let j(d) = 25*d + 220. Let x be j(-7). What is the greatest common factor of x and 405?
45
Let k = 59 + -44. Suppose k*y = 16*y - 126. Calculate the greatest com